 m a composite number?
True
Let k(g) = 197*g**2 + 97*g + 1895. Is k(-18) composite?
False
Let o(u) = u**3 - 49*u**2 - 147*u + 464. Is o(75) prime?
False
Suppose 11*h - 74 = -151. Is h/((-6 + 24582/4098)*1) prime?
False
Suppose -2*j + 120 = 2*y, 46*j - 49*j - 205 = -4*y. Is (4918/10)/(11/y) a prime number?
True
Let c = 3360 - 4147. Suppose 2251 = -2*m + w, -4*m + 1669 = -5*w + 6156. Let f = c - m. Is f a prime number?
False
Suppose 0 = -4*z + 4, 2*z = 4*a - 14. Suppose -f + 0*f + 3*q + 1045 = 0, a*f = 4*q + 4188. Let h = 2417 - f. Is h a composite number?
True
Suppose 40*u = 36*u. Suppose -4*x = -5*d - u*d - 6692, 4*d + 6696 = 4*x. Is x composite?
True
Suppose -5*z - 15978 + 244334 = 4*g, 2*g = z + 114192. Is g a composite number?
True
Suppose -8*q - 365 = -7*q. Let u = q + 1112. Let j = u + 44. Is j composite?
True
Let o = -286232 - -415911. Is o a composite number?
True
Suppose -273 = -598*l + 591*l. Is (0 + -914)/((-6)/l) a composite number?
True
Suppose 8*d - 17*d + 18 = 0. Suppose b - 5*b + 12891 = -q, d*b = 3*q + 6443. Is b composite?
True
Let v(q) = 6*q**2 - 18*q + 7. Let b = 110 + -88. Suppose 0 = 2*u + b - 48. Is v(u) composite?
False
Suppose 109*a - 54 = 103*a. Suppose 7*m + 4090 = a*m. Is m composite?
True
Let s(g) = g**2 + 16*g - 3. Let i be s(-17). Let p(l) = 268*l + 41. Is p(i) a composite number?
False
Suppose 0 = 5*t - 15*t - 67760. Is t/24*-3 - -6 a composite number?
False
Suppose 3*x - 3*f = 74580 + 78954, 2*x - f = 102351. Is x a composite number?
True
Suppose 50615 = 9*j + 3797. Suppose 23*s + 3*p = 20*s + 5196, 3*s = 3*p + j. Is s a prime number?
True
Let k(s) = s**3 + 8*s**2 - 23*s - 30. Let r be k(-10). Suppose 3*q = -n + 1838, r*n = -5*q - 2*n + 3062. Is q a prime number?
False
Let t(l) be the third derivative of l**5/2 + l**4/8 + 7*l**3/6 + 30*l**2. Is t(-8) prime?
False
Suppose -51 = 3*q - 15. Let l = 16 + q. Is 2703/(-6)*(-2)/l*4 a prime number?
False
Is 4/((-794890)/14310612 + 201/3618) prime?
True
Let v(x) = -12249*x + 437. Is v(-18) composite?
False
Let w = -80610 - -189473. Is w a prime number?
True
Is 3849665/6 + -18 + ((-17)/6 - -3) prime?
False
Let p(y) = 11717*y + 438. Is p(19) prime?
True
Suppose -37*q = -599019 - 334084. Is q a prime number?
True
Suppose -42 = -2*u - 34. Suppose 5*f - 6683 = 3*s + 16416, 3*f + u*s - 13871 = 0. Is f composite?
False
Is (-7)/(539/(-568393)) - 42/(-154) a composite number?
True
Suppose -79*g - 48 = -71*g. Let a(q) = 112*q**2 - 19*q + 31. Is a(g) prime?
True
Let l = 108076 - 151975. Let i = l + 62492. Is i a composite number?
False
Let p = 71 + -536. Let z = p + 14. Let r = z + 642. Is r prime?
True
Let x(q) be the third derivative of -q**5/60 - 5*q**4/12 - 3*q**3/2 - q**2 - 33. Let f be x(-9). Suppose f = -4*w - w + 11015. Is w a prime number?
True
Suppose 0 = -0*l - 8*l + 24. Let k(o) be the first derivative of 5*o**3 + o**2 + 5*o + 6. Is k(l) composite?
True
Let d = 15428 + -3576. Let l be 3/12 + d/16. Suppose -2*z + 301 = -l. Is z a prime number?
True
Let z be (8 + -6)*((-895)/(-2) - -1). Suppose 3*v = -0*v - z. Is v/(-2) + (-2)/4 composite?
False
Let f(h) = 37*h - 40. Suppose -12 = -4*n, -13*s + 8*s + n = -117. Let a = s + -15. Is f(a) a prime number?
True
Let l be 6/15 + 126/35. Suppose f = 4*i + 1074, 0*i = -l*i. Let c = f + -433. Is c a prime number?
True
Suppose 0 = -3*q + 5*c - c + 741373, 3*q = c + 741370. Suppose 45*h = 8*h + q. Is h prime?
True
Let q(w) = 179*w**2 - 847*w + 58. Is q(-35) a prime number?
False
Let y(o) = 3*o**2 - 7*o + 7. Let p be (-2 - -2)/(-1*(0 - -1)). Suppose -4*b - 124 + 60 = p. Is y(b) prime?
True
Suppose 10 = 3*o - 2. Suppose 14 = j + 3*v, -4*v = -j + o*j - 27. Suppose -3*k = -94 - j. Is k a prime number?
False
Let i(h) = 744*h**2 - 19*h - 156. Is i(-5) a prime number?
True
Let i(k) = -2*k**3 + 34*k**2 - 33*k + 17. Let s be i(16). Is 3 + (s/1 - -15413) - -4 a prime number?
False
Let b be 64/160 + ((-156)/(-10) - 0). Let z = b + -1. Suppose z*o = 21*o - 4254. Is o a prime number?
True
Let v(n) = 7*n + 5. Let m be v(-8). Let c = 249 + m. Suppose 2*j - 1012 + c = 0. Is j composite?
True
Is (24/114)/((-4)/(-4933958)) composite?
True
Let m(j) = 36*j + 113. Let c be m(-3). Suppose 0 = 5*a - q - 2610, -6*q = -5*q + c. Is a a prime number?
True
Suppose 8*k + 33*k - 123 = 0. Suppose -k*f - 10*l = -5*l - 10493, 3*f - 5*l - 10453 = 0. Is f a composite number?
False
Suppose w + 5*l - 137799 = 0, 5*w + l - 705432 + 16389 = 0. Is w prime?
False
Let m(n) = 1485*n**2 + 55*n - 207. Is m(4) prime?
True
Suppose -2*w + 5*o = 2*o + 21, 4*w = 4*o - 40. Let s be ((-3)/w)/((-3)/(-18)*2). Is -3*(680/3 - s)*-1 a prime number?
True
Suppose 9*b - 381288 = -3*b. Is b a composite number?
True
Let i be (-5)/(-2) - (-652052)/(-136). Let a = 10206 + i. Is a a prime number?
False
Let b = 111599 + 54642. Is b a prime number?
False
Let c be (12 - 12)*2/(-4). Suppose -3*x + 4*s - 8 = c, -7 = -4*s + 1. Suppose 3070 = 5*u - 5*l, -u + x*u = 5*l - 596. Is u prime?
False
Let g(s) = -5*s - 1. Let c be g(-1). Let j = -4799 - -4804. Suppose -2*b + 3*b - c*p - 947 = 0, -2*b + 1959 = j*p. Is b a composite number?
False
Let g(a) = 363*a + 26. Let c(w) = 134*w - 204*w - 51 - 655*w. Let d(v) = -3*c(v) - 7*g(v). Is d(-5) prime?
True
Let w(o) = -252*o + 255. Is w(-11) composite?
True
Suppose -26*o + 24*o + 12 = 0. Let y be 28/o + (-30)/45. Is ((-1958)/(-8))/(1/y) a prime number?
False
Let a(q) = -6*q**3 + 10*q**2 - 7*q - 12. Let n be a(6). Is 6 - -7 - n - (-6 + 0) a prime number?
True
Let h(o) = -o**3 + 16*o**2 + 17*o + 12. Let v be h(17). Let w be (24/(-9))/4*(-54)/v. Suppose w*k - 149 - 124 = 0. Is k prime?
False
Suppose -664*n + 327*n + 17394 = -331*n. Is n prime?
False
Let x be ((-2)/6)/(2/(-37404)). Let m = x - 3605. Is m a composite number?
True
Let z = -36690 - -56707. Is z prime?
False
Let c = -237593 + 380236. Is c a composite number?
True
Suppose -4*m - 2*x + 972796 = 0, 69*m - 486378 = 67*m + 4*x. Is m a prime number?
True
Let i = 133023 - 9686. Is i prime?
False
Suppose -51623 = -c - 4*g, 0 = 61*c - 62*c + 4*g + 51615. Is c a composite number?
True
Let q(m) = 17*m - 31. Let b be q(4). Suppose -58700 - 29915 = -b*h. Is h a prime number?
False
Let n be (4/(-6)*7)/((-6)/10197). Suppose -2*q + n = -3*f, -q - 5*f - 1443 + 5441 = 0. Is q composite?
True
Suppose -3*w - 51 = -3*o - 15, -5*w + o - 52 = 0. Is 170/(-68)*11708/w composite?
False
Let k be (8/(-20))/(-5 + 221505/44300). Let w = k + 5021. Is w prime?
False
Suppose 4353006 = -149*w + 155*w. Is w a prime number?
False
Is 4*36412371/696*2/3 a prime number?
True
Let u be (-16)/40*-5 + -1. Is 0 + 18897/(3/1*u) a prime number?
True
Let p(n) = 4*n**3 + 28 + 22 - n**2 - 52. Let d be p(2). Is 39429/33 - (1 - d/22) a prime number?
False
Let o(s) = s**3 + 4*s**2 - 4*s - 16. Let f be o(-4). Suppose f = -3*a - 36 + 48. Suppose 743 = v + 7*b - 2*b, -2*b + 2972 = a*v. Is v a prime number?
True
Suppose 25*a = 22*a + 1281. Let w = a + 528. Is w a composite number?
True
Let b = -189 + 182. Is (10*b/(-70))/(2/6754) a prime number?
False
Suppose 9*p - 3129 = 12279. Suppose 3347 = w - 5*a, a - 9438 = -2*w - 2700. Let i = w - p. Is i composite?
True
Is 29953/1 + 57 + -63 a prime number?
True
Let r be 685*(1 + 0) + 0. Suppose 17219 = 54*f - 1897. Let u = r - f. Is u a prime number?
True
Suppose 262*k = 3122020 + 340834. Is k a prime number?
True
Let y be (-165)/(-2)*(-100)/(-125). Let w = y - 1. Suppose -2*c + 4*c = 3*v + w, -c + v = -32. Is c composite?
False
Let a = -53 + 35. Let q be 12 - (a/12)/((-3)/(-4)). Suppose h = 141 - q. Is h a prime number?
True
Suppose -6*j + 4 + 2 = 0. Suppose 0 = -2*a + j - 3, -h + 646 = -2*a. Suppose -q + h + 29 = 0. Is q composite?
False
Let f(n) = 2575*n - 1324. Is f(9) prime?
True
Let t = 202 - 195. Suppose -d = 5*r - 1092, 2*d + r = t*d - 5330. Is d prime?
False
Let b be (-2)/((-9)/((-106245)/(-6))). Suppose -b - 1012 = -3*j. Is j composite?
True
Let m(n) = 7*n**3 - 302*n**2 - 31*n - 151. Is m(48) composite?
False
Let k be (12/(-10))/(1/(-10)). Let a be 2*k/8 - (1 - 0). Suppose 0*c = -a*c + 526. Is c a composite number?
False
Suppose 305*f - 229333 = 304*f + 4*a, a = 4*f - 917422. Is f a composite number?
True
Let i(d) = 23409*d + 46. Is i(3) a composite number?
True
Suppose 0*w + 7*w = 93884. Suppose -3*l - 428